{"id":134,"date":"2023-08-18T13:22:07","date_gmt":"2023-08-18T16:22:07","guid":{"rendered":"https:\/\/oncoscan.com.br\/?page_id=134"},"modified":"2023-08-18T13:22:07","modified_gmt":"2023-08-18T16:22:07","slug":"quem-somos","status":"publish","type":"page","link":"https:\/\/oncoscan.com.br\/index.php\/quem-somos\/","title":{"rendered":"Quem Somos"},"content":{"rendered":"\n<ul>\n<li>Objetivo prim\u00e1rio\n<ul>\n<li>Ser um sistema de rastreio organizado visando a detec\u00e7\u00e3o precoce de neoplasias em usu\u00e1rios do sistema de sa\u00fade<\/li>\n<\/ul>\n<\/li>\n\n\n\n<li>Objetivos Secund\u00e1rios:\n<ul>\n<li>Identifica\u00e7\u00e3o de neoplasias em est\u00e1gio inicial e consequentemente potencialmente cur\u00e1veis<\/li>\n\n\n\n<li>Redu\u00e7\u00e3o da morbidade e mortalidade por neoplasias<\/li>\n\n\n\n<li>Redu\u00e7\u00e3o de custo com exames e consultas de especialidades<\/li>\n\n\n\n<li>Redu\u00e7\u00e3o de custos com tratamentos quimioter\u00e1picos<\/li>\n\n\n\n<li>Gera\u00e7\u00e3o de dados confi\u00e1veis para pesquisa em oncologia<\/li>\n<\/ul>\n<\/li>\n<\/ul>\n\n\n\n<p><\/p>\n","protected":false},"excerpt":{"rendered":"","protected":false},"author":1,"featured_media":0,"parent":0,"menu_order":0,"comment_status":"closed","ping_status":"closed","template":"","meta":{"site-sidebar-layout":"default","site-content-layout":"","ast-site-content-layout":"","site-content-style":"default","site-sidebar-style":"default","ast-global-header-display":"","ast-banner-title-visibility":"","ast-main-header-display":"","ast-hfb-above-header-display":"","ast-hfb-below-header-display":"","ast-hfb-mobile-header-display":"","site-post-title":"","ast-breadcrumbs-content":"","ast-featured-img":"","footer-sml-layout":"","theme-transparent-header-meta":"","adv-header-id-meta":"","stick-header-meta":"","header-above-stick-meta":"","header-main-stick-meta":"","header-below-stick-meta":"","astra-migrate-meta-layouts":"","footnotes":""},"_links":{"self":[{"href":"https:\/\/oncoscan.com.br\/index.php\/wp-json\/wp\/v2\/pages\/134"}],"collection":[{"href":"https:\/\/oncoscan.com.br\/index.php\/wp-json\/wp\/v2\/pages"}],"about":[{"href":"https:\/\/oncoscan.com.br\/index.php\/wp-json\/wp\/v2\/types\/page"}],"author":[{"embeddable":true,"href":"https:\/\/oncoscan.com.br\/index.php\/wp-json\/wp\/v2\/users\/1"}],"replies":[{"embeddable":true,"href":"https:\/\/oncoscan.com.br\/index.php\/wp-json\/wp\/v2\/comments?post=134"}],"version-history":[{"count":1,"href":"https:\/\/oncoscan.com.br\/index.php\/wp-json\/wp\/v2\/pages\/134\/revisions"}],"predecessor-version":[{"id":135,"href":"https:\/\/oncoscan.com.br\/index.php\/wp-json\/wp\/v2\/pages\/134\/revisions\/135"}],"wp:attachment":[{"href":"https:\/\/oncoscan.com.br\/index.php\/wp-json\/wp\/v2\/media?parent=134"}],"curies":[{"name":"wp","href":"https:\/\/api.w.org\/{rel}","templated":true}]}}